, 61, 443
List the prime factors of 8137948.
2, 7, 13, 79, 283
List the prime factors of 336499.
336499
List the prime factors of 854481.
3, 41, 6947
List the prime factors of 3390678.
2, 3, 113, 1667
What are the prime factors of 536426?
2, 11, 37, 659
What are the prime factors of 310866?
2, 3, 197, 263
List the prime factors of 6125962.
2, 353, 8677
What are the prime factors of 14578221?
3, 7, 694201
What are the prime factors of 2921830?
2, 5, 292183
What are the prime factors of 235354?
2, 7, 16811
List the prime factors of 168433.
168433
List the prime factors of 11480881.
31, 179, 2069
List the prime factors of 2056651.
29, 70919
List the prime factors of 334369.
7, 37, 1291
List the prime factors of 15733012.
2, 23, 41, 43, 97
List the prime factors of 3004713.
3, 333857
List the prime factors of 29376457.
11, 47, 56821
What are the prime factors of 6669702?
2, 3, 13, 3167
What are the prime factors of 539572?
2, 11, 12263
List the prime factors of 235084.
2, 58771
List the prime factors of 6821566.
2, 3410783
What are the prime factors of 17706988?
2, 13, 340519
What are the prime factors of 736751?
701, 1051
What are the prime factors of 9490287?
3, 47, 67307
List the prime factors of 244180.
2, 5, 29, 421
What are the prime factors of 228376?
2, 28547
List the prime factors of 262489.
262489
List the prime factors of 1468125.
3, 5, 29
List the prime factors of 18912694.
2, 73, 129539
What are the prime factors of 12007080?
2, 3, 5, 33353
List the prime factors of 35247.
3, 31, 379
What are the prime factors of 120345?
3, 5, 71, 113
List the prime factors of 5181345.
3, 5, 13, 17, 521
List the prime factors of 2243992.
2, 280499
What are the prime factors of 23613797?
23613797
List the prime factors of 28396525.
5, 1135861
What are the prime factors of 169650?
2, 3, 5, 13, 29
List the prime factors of 166373.
29, 5737
List the prime factors of 7594803.
3, 93763
List the prime factors of 202241.
13, 47, 331
List the prime factors of 241991.
89, 2719
What are the prime factors of 8076090?
2, 3, 5, 11, 24473
What are the prime factors of 14545586?
2, 11, 113, 5851
What are the prime factors of 1804044?
2, 3, 11, 79, 173
What are the prime factors of 11007517?
17, 19, 53, 643
List the prime factors of 85113.
3, 7, 193
List the prime factors of 412390.
2, 5, 11, 23, 163
List the prime factors of 8756792.
2, 11, 151, 659
What are the prime factors of 63295?
5, 12659
What are the prime factors of 3355005?
3, 5, 223667
What are the prime factors of 4017527?
4017527
What are the prime factors of 224887?
13, 17299
List the prime factors of 274771.
7, 17, 2309
What are the prime factors of 14716353?
3, 769, 6379
What are the prime factors of 28828?
2, 7207
What are the prime factors of 712124?
2, 7, 29, 877
List the prime factors of 149830.
2, 5, 14983
List the prime factors of 34995006.
2, 3, 23, 137, 617
What are the prime factors of 123996?
2, 3, 10333
List the prime factors of 1594360.
2, 5, 23, 1733
What are the prime factors of 28372?
2, 41, 173
List the prime factors of 382472.
2, 47809
List the prime factors of 9300436.
2, 613, 3793
List the prime factors of 8666425.
5, 346657
List the prime factors of 420736.
2, 19, 173
What are the prime factors of 431032?
2, 7, 43, 179
What are the prime factors of 2162424?
2, 3, 11, 8191
What are the prime factors of 583546?
2, 283, 1031
List the prime factors of 6812392.
2, 851549
What are the prime factors of 4655721?
3, 7, 73, 3037
List the prime factors of 15108.
2, 3, 1259
What are the prime factors of 460110?
2, 3, 5, 7, 313
What are the prime factors of 9584879?
9584879
What are the prime factors of 97332?
2, 3, 8111
What are the prime factors of 17927860?
2, 5, 17, 67, 787
What are the prime factors of 1564521?
3, 7, 29, 367
List the prime factors of 8298559.
8298559
What are the prime factors of 19372417?
23, 842279
What are the prime factors of 179231?
13, 17, 811
List the prime factors of 207729.
3, 23081
What are the prime factors of 854003?
349, 2447
What are the prime factors of 6199493?
389, 15937
What are the prime factors of 6970068?
2, 3, 7, 17, 1627
What are the prime factors of 3964795?
5, 792959
List the prime factors of 1894431.
3, 7, 11, 59, 139
What are the prime factors of 1025128?
2, 13, 9857
List the prime factors of 48091.
48091
What are the prime factors of 1491073?
523, 2851
List the prime factors of 1258610.
2, 5, 43, 2927
List the prime factors of 481445.
5, 96289
What are the prime factors of 1510215?
3, 5, 7, 19, 757
What are the prime factors of 594120?
2, 3, 5, 4951
What are the prime factors of 2348753?
11, 213523
List the prime factors of 704371.
67, 10513
What are the prime factors of 169380?
2, 3, 5, 941
List the prime factors of 4863790.
2, 5, 486379
List the prime factors of 53682.
2, 3, 23, 389
What are the prime factors of 1033642?
2, 516821
List the prime factors of 4170898.
2, 227, 9187
What are the prime factors of 736633?
37, 43, 463
List the prime factors of 1063973.
1063973
What are the prime factors of 2637094?
2, 233, 5659
List the prime factors of 218992.
2, 13687
List the prime factors of 626546.
2, 313273
List the prime factors of 38531.
53, 727
List the prime factors of 474109.
103, 4603
List the prime factors of 831398.
2, 41, 10139
What are the prime factors of 1311067?
1311067
What are the prime factors of 272094?
2, 3, 101, 449
What are the prime factors of 405279?
3, 7, 919
List the prime factors of 510212.
2, 229, 557
What are the prime factors of 847810?
2, 5, 149, 569
What are the prime factors of 20073713?
11, 29, 62927
What are the prime factors of 594769?
7, 84967
List the prime factors of 175305.
3, 5, 13, 29, 31
What are the prime factors of 4996980?
2, 3, 5, 17, 23, 71
What are the prime factors of 1485203?
257, 5779
What are the prime factors of 1085001?
3, 397, 911
What are the prime factors of 8584639?
7, 1226377
What are the prime factors of 65422?
2, 7, 4673
List the prime factors of 4782792.
2, 3, 7, 83
List the prime factors of 1365402.
2, 3, 227567
List the prime factors of 490240.
2, 5, 383
List the prime factors of 32504549.
7, 11, 422137
List the prime factors of 94102.
2, 47051
List the prime factors of 225137.
11, 97, 211
What are the prime factors of 1497506?
2, 419, 1787
What are the prime factors of 1005702?
2, 3, 31, 5407
What are the prime factors of 340211?
340211
List the prime factors of 20232075.
3, 5, 269761
List the prime factors of 1507697.
1507697
What are the prime factors of 1886870?
2, 5, 188687
What are the prime factors of 633348?
2, 3, 73, 241
What are the prime factors of 246848?
2, 7, 19, 29
What are the prime factors of 570327?
3, 151, 1259
List the prime factors of 1332836.
2, 333209
List the prime factors of 7943.
13, 47
What are the prime factors of 3145048?
2, 131, 3001
What are the prime factors of 27650602?
2, 7, 17, 2371
What are the prime factors of 98681?
11, 8971
List the prime factors of 11602751.
1663, 6977
What are the prime factors of 9837504?
2, 3, 5693
What are the prime factors of 321182?
2, 160591
What are the prime factors of 1496455?
5, 53, 5647
What are the prime factors of 7668040?
2, 5, 53, 3617
What are the prime factors of 318275?
5, 29, 439
List the prime factors of 3519467.
7, 502781
What are the prime factors of 150793?
101, 1493
List the prime factors of 1532838.
2, 3, 255473
List the prime factors of 502142.
2, 251071
What are the prime factors of 1433122?
2, 29, 24709
List the prime factors of 1421781.
3, 473927
List the prime factors of 555895.
5, 73, 1523
What are the prime factors of 324333?
3, 36037
List the prime factors of 83570.
2, 5, 61, 137
List the prime factors of 823165.
5, 7, 29, 811
What are the prime factors of 1414969?
79, 17911
What are the prime factors of 3919093?
127, 30859
List the prime factors of 1842358.
2, 7, 17, 7741
List the prime factors of 1139042.
2, 383, 1487
What are the prime factors of 2315936?
2, 7, 211
List the prime factors of 2452337.
2452337
List the prime factors of 116557.
7, 16651
What are the prime factors of 4039229?
19, 67, 167
What are the prime factors of 8376?
2, 3, 349
What are the prime factors of 296385?
3, 5, 19759
What are the prime factors of 312736?
2, 29, 337
List the prime factors of 15071502.
2, 3, 2511